{"id":2388,"date":"2022-07-06T15:59:21","date_gmt":"2022-07-06T13:59:21","guid":{"rendered":"https:\/\/tender-swartz.212-227-65-86.plesk.page\/carsharing\/?page_id=2388"},"modified":"2025-10-01T12:04:32","modified_gmt":"2025-10-01T10:04:32","slug":"buchungssystem","status":"publish","type":"page","link":"https:\/\/tender-swartz.212-227-65-86.plesk.page\/carsharing\/buchungssystem\/","title":{"rendered":"Buchungssystem"},"content":{"rendered":"<p>[et_pb_section fb_built=&#8220;1&#8243; fullwidth=&#8220;on&#8220; _builder_version=&#8220;4.27.4&#8243; _module_preset=&#8220;default&#8220; height=&#8220;70vh&#8220; custom_margin=&#8220;110px||||false|false&#8220; global_colors_info=&#8220;{}&#8220;][et_pb_fullwidth_code _builder_version=&#8220;4.27.4&#8243; _module_preset=&#8220;default&#8220; global_colors_info=&#8220;{}&#8220;]<iframe src=\"https:\/\/ewi3-gruene-flotte.cantamen.de\/#48.0074-7.8829-12-2\" style=\"width: 100vw; height: 70vh;\"><\/iframe><!-- [et_pb_line_break_holder] --><!-- [et_pb_line_break_holder] --><script><!-- [et_pb_line_break_holder] -->window.addEventListener('DOMContentLoaded', () => {<!-- [et_pb_line_break_holder] -->if(window.innerWidth < 765) {<!-- [et_pb_line_break_holder] -->\tsetTimeout(() => {<!-- [et_pb_line_break_holder] -->    window.location.href = \"https:\/\/ewi3-gruene-flotte.cantamen.de\/#\/48.0604-7.8284-12-0\/48.0074-7.8829-12-2\", \"_blank\";<!-- [et_pb_line_break_holder] -->}, 200);<!-- [et_pb_line_break_holder] -->}<!-- [et_pb_line_break_holder] -->})<!-- [et_pb_line_break_holder] --><\/script>[\/et_pb_fullwidth_code][\/et_pb_section][et_pb_section fb_built=&#8220;1&#8243; custom_padding_last_edited=&#8220;on|phone&#8220; admin_label=&#8220;Kontakt&#8220; module_id=&#8220;kundenzentrale&#8220; _builder_version=&#8220;4.27.4&#8243; _module_preset=&#8220;default&#8220; background_color=&#8220;#82BA26&#8243; z_index=&#8220;10&#8243; custom_padding=&#8220;13px||50px||false|false&#8220; custom_padding_tablet=&#8220;13px||26px|||&#8220; custom_padding_phone=&#8220;50px|30px|50px|30px|false|false&#8220; locked=&#8220;off&#8220; collapsed=&#8220;on&#8220; global_colors_info=&#8220;{}&#8220;][et_pb_row _builder_version=&#8220;4.27.4&#8243; _module_preset=&#8220;default&#8220; background_color=&#8220;#e61676&#8243; width=&#8220;35%&#8220; custom_margin=&#8220;-50px||||false|false&#8220; custom_padding=&#8220;16px|16px|16px|16px|false|false&#8220; hover_enabled=&#8220;0&#8243; border_radii=&#8220;on|8px|8px|8px|8px&#8220; box_shadow_style=&#8220;preset3&#8243; box_shadow_color=&#8220;rgba(0,0,0,0.16)&#8220; global_colors_info=&#8220;{}&#8220; sticky_enabled=&#8220;0&#8243;][et_pb_column type=&#8220;4_4&#8243; _builder_version=&#8220;4.27.4&#8243; _module_preset=&#8220;default&#8220; global_colors_info=&#8220;{}&#8220;][et_pb_text _builder_version=&#8220;4.27.4&#8243; _module_preset=&#8220;default&#8220; header_3_font=&#8220;|800|||||||&#8220; header_3_text_align=&#8220;center&#8220; header_3_text_color=&#8220;#FFFFFF&#8220; header_3_line_height=&#8220;1.1em&#8220; custom_margin=&#8220;||4px||false|false&#8220; global_colors_info=&#8220;{}&#8220;]<\/p>\n<h3>Buchungssystem als Vollbildansicht<\/h3>\n<p>[\/et_pb_text][et_pb_button button_url=&#8220;https:\/\/ewi3-gruene-flotte.cantamen.de\/#\/48.0045-7.8247-13-4\/50.7446-7.172-17-2%20&#8243; url_new_window=&#8220;on&#8220; button_text=&#8220;zum Buchungssystem wechseln&#8220; button_alignment=&#8220;center&#8220; _builder_version=&#8220;4.27.4&#8243; _module_preset=&#8220;default&#8220; custom_button=&#8220;on&#8220; button_text_color=&#8220;#e61676&#8243; button_bg_color=&#8220;#FFFFFF&#8220; button_font=&#8220;|800||on|||||&#8220; button_icon=&#8220;&#x39;||divi||400&#8243; button_icon_placement=&#8220;left&#8220; global_colors_info=&#8220;{}&#8220;][\/et_pb_button][\/et_pb_column][\/et_pb_row][et_pb_row column_structure=&#8220;1_2,1_2&#8243; custom_padding_last_edited=&#8220;on|phone&#8220; _builder_version=&#8220;4.27.4&#8243; _module_preset=&#8220;default&#8220; width_tablet=&#8220;&#8220; width_phone=&#8220;100%&#8220; width_last_edited=&#8220;on|phone&#8220; custom_padding=&#8220;30px||0px||false|false&#8220; custom_padding_tablet=&#8220;&#8220; custom_padding_phone=&#8220;0px||0px||false|false&#8220; locked=&#8220;off&#8220; global_colors_info=&#8220;{}&#8220;][et_pb_column type=&#8220;1_2&#8243; _builder_version=&#8220;4.19.0&#8243; _module_preset=&#8220;default&#8220; global_colors_info=&#8220;{}&#8220;][et_pb_text _builder_version=&#8220;4.19.0&#8243; _module_preset=&#8220;default&#8220; text_font=&#8220;|||on|||||&#8220; text_text_color=&#8220;#FFFFFF&#8220; text_font_size=&#8220;14px&#8220; text_letter_spacing=&#8220;2px&#8220; header_2_text_color=&#8220;#FFFFFF&#8220; header_3_text_color=&#8220;#FFFFFF&#8220; global_colors_info=&#8220;{}&#8220;]<\/p>\n<h2>Sie haben Fragen?<\/h2>\n<h3>Die Gr\u00fcne Flotte ist f\u00fcr Sie da.<\/h3>\n<p>[\/et_pb_text][\/et_pb_column][et_pb_column type=&#8220;1_2&#8243; _builder_version=&#8220;4.19.0&#8243; _module_preset=&#8220;default&#8220; link_option_url_new_window=&#8220;on&#8220; global_colors_info=&#8220;{}&#8220;][et_pb_blurb title=&#8220;B\u00fcrozeiten &#8220; use_icon=&#8220;on&#8220; font_icon=&#8220;&#xf4fd;||fa||900&#8243; icon_color=&#8220;#FFFFFF&#8220; icon_placement=&#8220;left&#8220; image_icon_width=&#8220;20px&#8220; _builder_version=&#8220;4.23.4&#8243; _module_preset=&#8220;default&#8220; header_font=&#8220;|700|||||||&#8220; header_text_color=&#8220;#FFFFFF&#8220; body_text_color=&#8220;#FFFFFF&#8220; custom_margin=&#8220;5px||5px||false|false&#8220; custom_css_blurb_title=&#8220;padding-bottom:0px !important;&#8220; global_colors_info=&#8220;{}&#8220;]von Mo. \u2013 Fr. von 8:00 bis 17:00 Uhr[\/et_pb_blurb][et_pb_blurb title=&#8220;24h-Notruf&#8220; use_icon=&#8220;on&#8220; font_icon=&#8220;&#xf017;||fa||900&#8243; icon_color=&#8220;#FFFFFF&#8220; icon_placement=&#8220;left&#8220; image_icon_width=&#8220;20px&#8220; _builder_version=&#8220;4.23.4&#8243; _module_preset=&#8220;default&#8220; header_font=&#8220;|700|||||||&#8220; header_text_color=&#8220;#FFFFFF&#8220; body_text_color=&#8220;#FFFFFF&#8220; custom_margin=&#8220;5px||5px||false|false&#8220; custom_css_blurb_title=&#8220;padding-bottom:0px !important;&#8220; global_colors_info=&#8220;{}&#8220;]<\/p>\n<p>bei Unfall oder einer Panne, einem technischen Problem, einer Versp\u00e4tung, Schadensmeldung oder dringenden R\u00fcckfrage.<\/p>\n<p>[\/et_pb_blurb][et_pb_blurb title=&#8220;07681 474 008-0&#8243; url=&#8220;tel:004976814740080&#8243; use_icon=&#8220;on&#8220; font_icon=&#8220;&#xf879;||fa||900&#8243; icon_color=&#8220;#FFFFFF&#8220; icon_placement=&#8220;left&#8220; image_icon_width=&#8220;20px&#8220; _builder_version=&#8220;4.19.0&#8243; _module_preset=&#8220;default&#8220; header_font=&#8220;|700|||||||&#8220; header_text_color=&#8220;#FFFFFF&#8220; custom_margin=&#8220;5px||5px||false|false&#8220; global_colors_info=&#8220;{}&#8220;][\/et_pb_blurb][et_pb_blurb title=&#8220;info@gruene-flotte-carsharing.de&#8220; url=&#8220;mailto:info@gruene-flotte-carsharing.de&#8220; use_icon=&#8220;on&#8220; font_icon=&#8220;&#xf0e0;||fa||900&#8243; icon_color=&#8220;#FFFFFF&#8220; icon_placement=&#8220;left&#8220; image_icon_width=&#8220;20px&#8220; _builder_version=&#8220;4.19.0&#8243; _module_preset=&#8220;default&#8220; header_font=&#8220;|700|||||||&#8220; header_text_color=&#8220;#FFFFFF&#8220; global_colors_info=&#8220;{}&#8220;][\/et_pb_blurb][\/et_pb_column][\/et_pb_row][\/et_pb_section]<\/p>\n","protected":false},"excerpt":{"rendered":"<p>Buchungssystem als VollbildansichtSie haben Fragen? Die Gr\u00fcne Flotte ist f\u00fcr Sie da.von Mo. \u2013 Fr. von 8:00 bis 17:00 Uhrbei Unfall oder einer Panne, einem technischen Problem, einer Versp\u00e4tung, Schadensmeldung oder dringenden R\u00fcckfrage.<\/p>\n","protected":false},"author":1,"featured_media":0,"parent":0,"menu_order":2,"comment_status":"closed","ping_status":"closed","template":"","meta":{"_acf_changed":false,"_et_pb_use_builder":"on","_et_pb_old_content":"","_et_gb_content_width":"","inline_featured_image":false,"footnotes":""},"class_list":["post-2388","page","type-page","status-publish","hentry"],"acf":[],"yoast_head":"<!-- This site is optimized with the Yoast SEO plugin v26.9 - https:\/\/yoast.com\/product\/yoast-seo-wordpress\/ -->\n<title>Buchungssystem - Gr\u00fcne Flotte Carsharing<\/title>\n<meta name=\"robots\" content=\"index, follow, max-snippet:-1, max-image-preview:large, max-video-preview:-1\" \/>\n<link rel=\"canonical\" href=\"https:\/\/tender-swartz.212-227-65-86.plesk.page\/carsharing\/buchungssystem\/\" \/>\n<meta property=\"og:locale\" content=\"de_DE\" \/>\n<meta property=\"og:type\" content=\"article\" \/>\n<meta property=\"og:title\" content=\"Buchungssystem - Gr\u00fcne Flotte Carsharing\" \/>\n<meta property=\"og:description\" content=\"Buchungssystem als VollbildansichtSie haben Fragen? Die Gr\u00fcne Flotte ist f\u00fcr Sie da.von Mo. \u2013 Fr. von 8:00 bis 17:00 Uhrbei Unfall oder einer Panne, einem technischen Problem, einer Versp\u00e4tung, Schadensmeldung oder dringenden R\u00fcckfrage.\" \/>\n<meta property=\"og:url\" content=\"https:\/\/tender-swartz.212-227-65-86.plesk.page\/carsharing\/buchungssystem\/\" \/>\n<meta property=\"og:site_name\" content=\"Gr\u00fcne Flotte Carsharing\" \/>\n<meta property=\"article:modified_time\" content=\"2025-10-01T10:04:32+00:00\" \/>\n<meta property=\"og:image\" content=\"https:\/\/tender-swartz.212-227-65-86.plesk.page\/carsharing\/wp-content\/uploads\/sites\/5\/2022\/05\/gruene-flotte-image.jpg\" \/>\n\t<meta property=\"og:image:width\" content=\"1440\" \/>\n\t<meta property=\"og:image:height\" content=\"1080\" \/>\n\t<meta property=\"og:image:type\" content=\"image\/jpeg\" \/>\n<meta name=\"twitter:card\" content=\"summary_large_image\" \/>\n<script type=\"application\/ld+json\" class=\"yoast-schema-graph\">{\"@context\":\"https:\/\/schema.org\",\"@graph\":[{\"@type\":\"WebPage\",\"@id\":\"https:\/\/tender-swartz.212-227-65-86.plesk.page\/carsharing\/buchungssystem\/\",\"url\":\"https:\/\/tender-swartz.212-227-65-86.plesk.page\/carsharing\/buchungssystem\/\",\"name\":\"Buchungssystem - Gr\u00fcne Flotte Carsharing\",\"isPartOf\":{\"@id\":\"https:\/\/tender-swartz.212-227-65-86.plesk.page\/carsharing\/#website\"},\"datePublished\":\"2022-07-06T13:59:21+00:00\",\"dateModified\":\"2025-10-01T10:04:32+00:00\",\"breadcrumb\":{\"@id\":\"https:\/\/tender-swartz.212-227-65-86.plesk.page\/carsharing\/buchungssystem\/#breadcrumb\"},\"inLanguage\":\"de\",\"potentialAction\":[{\"@type\":\"ReadAction\",\"target\":[\"https:\/\/tender-swartz.212-227-65-86.plesk.page\/carsharing\/buchungssystem\/\"]}]},{\"@type\":\"BreadcrumbList\",\"@id\":\"https:\/\/tender-swartz.212-227-65-86.plesk.page\/carsharing\/buchungssystem\/#breadcrumb\",\"itemListElement\":[{\"@type\":\"ListItem\",\"position\":1,\"name\":\"Startseite\",\"item\":\"https:\/\/tender-swartz.212-227-65-86.plesk.page\/carsharing\/\"},{\"@type\":\"ListItem\",\"position\":2,\"name\":\"Buchungssystem\"}]},{\"@type\":\"WebSite\",\"@id\":\"https:\/\/tender-swartz.212-227-65-86.plesk.page\/carsharing\/#website\",\"url\":\"https:\/\/tender-swartz.212-227-65-86.plesk.page\/carsharing\/\",\"name\":\"Gr\u00fcne Flotte Carsharing\",\"description\":\"Flexibel. Nachhaltig. Mobil.\",\"publisher\":{\"@id\":\"https:\/\/tender-swartz.212-227-65-86.plesk.page\/carsharing\/#organization\"},\"potentialAction\":[{\"@type\":\"SearchAction\",\"target\":{\"@type\":\"EntryPoint\",\"urlTemplate\":\"https:\/\/tender-swartz.212-227-65-86.plesk.page\/carsharing\/?s={search_term_string}\"},\"query-input\":{\"@type\":\"PropertyValueSpecification\",\"valueRequired\":true,\"valueName\":\"search_term_string\"}}],\"inLanguage\":\"de\"},{\"@type\":\"Organization\",\"@id\":\"https:\/\/tender-swartz.212-227-65-86.plesk.page\/carsharing\/#organization\",\"name\":\"Gr\u00fcne Flotte Carsharing\",\"url\":\"https:\/\/tender-swartz.212-227-65-86.plesk.page\/carsharing\/\",\"logo\":{\"@type\":\"ImageObject\",\"inLanguage\":\"de\",\"@id\":\"https:\/\/tender-swartz.212-227-65-86.plesk.page\/carsharing\/#\/schema\/logo\/image\/\",\"url\":\"https:\/\/tender-swartz.212-227-65-86.plesk.page\/carsharing\/wp-content\/uploads\/sites\/5\/2023\/08\/carsharing-gruene-flotte-unternehmen-firmen.jpg\",\"contentUrl\":\"https:\/\/tender-swartz.212-227-65-86.plesk.page\/carsharing\/wp-content\/uploads\/sites\/5\/2023\/08\/carsharing-gruene-flotte-unternehmen-firmen.jpg\",\"width\":1920,\"height\":1280,\"caption\":\"Gr\u00fcne Flotte Carsharing\"},\"image\":{\"@id\":\"https:\/\/tender-swartz.212-227-65-86.plesk.page\/carsharing\/#\/schema\/logo\/image\/\"}}]}<\/script>\n<!-- \/ Yoast SEO plugin. -->","yoast_head_json":{"title":"Buchungssystem - Gr\u00fcne Flotte Carsharing","robots":{"index":"index","follow":"follow","max-snippet":"max-snippet:-1","max-image-preview":"max-image-preview:large","max-video-preview":"max-video-preview:-1"},"canonical":"https:\/\/tender-swartz.212-227-65-86.plesk.page\/carsharing\/buchungssystem\/","og_locale":"de_DE","og_type":"article","og_title":"Buchungssystem - Gr\u00fcne Flotte Carsharing","og_description":"Buchungssystem als VollbildansichtSie haben Fragen? Die Gr\u00fcne Flotte ist f\u00fcr Sie da.von Mo. \u2013 Fr. von 8:00 bis 17:00 Uhrbei Unfall oder einer Panne, einem technischen Problem, einer Versp\u00e4tung, Schadensmeldung oder dringenden R\u00fcckfrage.","og_url":"https:\/\/tender-swartz.212-227-65-86.plesk.page\/carsharing\/buchungssystem\/","og_site_name":"Gr\u00fcne Flotte Carsharing","article_modified_time":"2025-10-01T10:04:32+00:00","og_image":[{"width":1440,"height":1080,"url":"https:\/\/tender-swartz.212-227-65-86.plesk.page\/carsharing\/wp-content\/uploads\/sites\/5\/2022\/05\/gruene-flotte-image.jpg","type":"image\/jpeg"}],"twitter_card":"summary_large_image","schema":{"@context":"https:\/\/schema.org","@graph":[{"@type":"WebPage","@id":"https:\/\/tender-swartz.212-227-65-86.plesk.page\/carsharing\/buchungssystem\/","url":"https:\/\/tender-swartz.212-227-65-86.plesk.page\/carsharing\/buchungssystem\/","name":"Buchungssystem - Gr\u00fcne Flotte Carsharing","isPartOf":{"@id":"https:\/\/tender-swartz.212-227-65-86.plesk.page\/carsharing\/#website"},"datePublished":"2022-07-06T13:59:21+00:00","dateModified":"2025-10-01T10:04:32+00:00","breadcrumb":{"@id":"https:\/\/tender-swartz.212-227-65-86.plesk.page\/carsharing\/buchungssystem\/#breadcrumb"},"inLanguage":"de","potentialAction":[{"@type":"ReadAction","target":["https:\/\/tender-swartz.212-227-65-86.plesk.page\/carsharing\/buchungssystem\/"]}]},{"@type":"BreadcrumbList","@id":"https:\/\/tender-swartz.212-227-65-86.plesk.page\/carsharing\/buchungssystem\/#breadcrumb","itemListElement":[{"@type":"ListItem","position":1,"name":"Startseite","item":"https:\/\/tender-swartz.212-227-65-86.plesk.page\/carsharing\/"},{"@type":"ListItem","position":2,"name":"Buchungssystem"}]},{"@type":"WebSite","@id":"https:\/\/tender-swartz.212-227-65-86.plesk.page\/carsharing\/#website","url":"https:\/\/tender-swartz.212-227-65-86.plesk.page\/carsharing\/","name":"Gr\u00fcne Flotte Carsharing","description":"Flexibel. Nachhaltig. Mobil.","publisher":{"@id":"https:\/\/tender-swartz.212-227-65-86.plesk.page\/carsharing\/#organization"},"potentialAction":[{"@type":"SearchAction","target":{"@type":"EntryPoint","urlTemplate":"https:\/\/tender-swartz.212-227-65-86.plesk.page\/carsharing\/?s={search_term_string}"},"query-input":{"@type":"PropertyValueSpecification","valueRequired":true,"valueName":"search_term_string"}}],"inLanguage":"de"},{"@type":"Organization","@id":"https:\/\/tender-swartz.212-227-65-86.plesk.page\/carsharing\/#organization","name":"Gr\u00fcne Flotte Carsharing","url":"https:\/\/tender-swartz.212-227-65-86.plesk.page\/carsharing\/","logo":{"@type":"ImageObject","inLanguage":"de","@id":"https:\/\/tender-swartz.212-227-65-86.plesk.page\/carsharing\/#\/schema\/logo\/image\/","url":"https:\/\/tender-swartz.212-227-65-86.plesk.page\/carsharing\/wp-content\/uploads\/sites\/5\/2023\/08\/carsharing-gruene-flotte-unternehmen-firmen.jpg","contentUrl":"https:\/\/tender-swartz.212-227-65-86.plesk.page\/carsharing\/wp-content\/uploads\/sites\/5\/2023\/08\/carsharing-gruene-flotte-unternehmen-firmen.jpg","width":1920,"height":1280,"caption":"Gr\u00fcne Flotte Carsharing"},"image":{"@id":"https:\/\/tender-swartz.212-227-65-86.plesk.page\/carsharing\/#\/schema\/logo\/image\/"}}]}},"_links":{"self":[{"href":"https:\/\/tender-swartz.212-227-65-86.plesk.page\/carsharing\/wp-json\/wp\/v2\/pages\/2388","targetHints":{"allow":["GET"]}}],"collection":[{"href":"https:\/\/tender-swartz.212-227-65-86.plesk.page\/carsharing\/wp-json\/wp\/v2\/pages"}],"about":[{"href":"https:\/\/tender-swartz.212-227-65-86.plesk.page\/carsharing\/wp-json\/wp\/v2\/types\/page"}],"author":[{"embeddable":true,"href":"https:\/\/tender-swartz.212-227-65-86.plesk.page\/carsharing\/wp-json\/wp\/v2\/users\/1"}],"replies":[{"embeddable":true,"href":"https:\/\/tender-swartz.212-227-65-86.plesk.page\/carsharing\/wp-json\/wp\/v2\/comments?post=2388"}],"version-history":[{"count":81,"href":"https:\/\/tender-swartz.212-227-65-86.plesk.page\/carsharing\/wp-json\/wp\/v2\/pages\/2388\/revisions"}],"predecessor-version":[{"id":33048,"href":"https:\/\/tender-swartz.212-227-65-86.plesk.page\/carsharing\/wp-json\/wp\/v2\/pages\/2388\/revisions\/33048"}],"wp:attachment":[{"href":"https:\/\/tender-swartz.212-227-65-86.plesk.page\/carsharing\/wp-json\/wp\/v2\/media?parent=2388"}],"curies":[{"name":"wp","href":"https:\/\/api.w.org\/{rel}","templated":true}]}}